{"id":61,"date":"2020-08-07T01:39:53","date_gmt":"2020-08-07T01:39:53","guid":{"rendered":"http:\/\/zempol.cz\/?page_id=61"},"modified":"2021-09-07T15:47:00","modified_gmt":"2021-09-07T15:47:00","slug":"vitejte-na-webovych-strankach-zempol-s-r-o","status":"publish","type":"page","link":"https:\/\/zempol.cz\/","title":{"rendered":"V\u00edtejte na webov\u00fdch str\u00e1nk\u00e1ch na\u0161ich spole\u010dnost\u00ed"},"content":{"rendered":"\n<p>Tyto str\u00e1nky slou\u017e\u00ed pro prezentaci firem <strong>Obchodn\u011b zem\u011bd\u011blsk\u00e1 spole\u010dnost Zempol, spol. s r. o.<\/strong> a <strong>OZS-ZEMPOL s. r. o<\/strong>. a jejich produkt\u016f. M\u016f\u017eete se zde do\u010d\u00edst o firm\u00e1ch samotn\u00fdch, o jejich historii nebo se pod\u00edvat, kde n\u00e1s najdete, jak\u00e9 v\u00fdrobky a slu\u017eby V\u00e1m m\u016f\u017eeme poskytnout. Nev\u00e1hejte se n\u011bco dozv\u011bd\u011bt nap\u0159\u00edklad o pelet\u00e1ch nebo o prodeji kr\u016ft. Z\u00e1jemci o stravov\u00e1n\u00ed jist\u011b uv\u00edtaj\u00ed mo\u017enost prohl\u00e9dnout si n\u00e1\u0161 j\u00eddeln\u00ed\u010dek. Nev\u00e1hejte n\u00e1s kontaktovat v p\u0159\u00edpad\u011b jak\u00fdchkoliv dotaz\u016f t\u00fdkaj\u00edc\u00edch se na\u0161\u00ed \u010dinnosti.<br><br>P\u0159ejeme hezk\u00fd den a douf\u00e1me, \u017ee zde naleznete co hled\u00e1te.<\/p>\n","protected":false},"excerpt":{"rendered":"<p>Tyto str\u00e1nky slou\u017e\u00ed pro prezentaci firem Obchodn\u011b zem\u011bd\u011blsk\u00e1 spole\u010dnost Zempol, spol. s r. o. a OZS-ZEMPOL s. r. o. a jejich produkt\u016f. M\u016f\u017eete se zde do\u010d\u00edst o firm\u00e1ch samotn\u00fdch, o jejich historii nebo se pod\u00edvat, kde n\u00e1s najdete, jak\u00e9 v\u00fdrobky a slu\u017eby V\u00e1m m\u016f\u017eeme poskytnout. Nev\u00e1hejte se n\u011bco dozv\u011bd\u011bt nap\u0159\u00edklad o pelet\u00e1ch nebo o prodeji [&hellip;]<\/p>\n","protected":false},"author":2,"featured_media":0,"parent":0,"menu_order":0,"comment_status":"closed","ping_status":"closed","template":"","meta":[],"_links":{"self":[{"href":"https:\/\/zempol.cz\/index.php?rest_route=\/wp\/v2\/pages\/61"}],"collection":[{"href":"https:\/\/zempol.cz\/index.php?rest_route=\/wp\/v2\/pages"}],"about":[{"href":"https:\/\/zempol.cz\/index.php?rest_route=\/wp\/v2\/types\/page"}],"author":[{"embeddable":true,"href":"https:\/\/zempol.cz\/index.php?rest_route=\/wp\/v2\/users\/2"}],"replies":[{"embeddable":true,"href":"https:\/\/zempol.cz\/index.php?rest_route=%2Fwp%2Fv2%2Fcomments&post=61"}],"version-history":[{"count":10,"href":"https:\/\/zempol.cz\/index.php?rest_route=\/wp\/v2\/pages\/61\/revisions"}],"predecessor-version":[{"id":190,"href":"https:\/\/zempol.cz\/index.php?rest_route=\/wp\/v2\/pages\/61\/revisions\/190"}],"wp:attachment":[{"href":"https:\/\/zempol.cz\/index.php?rest_route=%2Fwp%2Fv2%2Fmedia&parent=61"}],"curies":[{"name":"wp","href":"https:\/\/api.w.org\/{rel}","templated":true}]}}