{"id":122,"date":"2020-08-07T04:57:42","date_gmt":"2020-08-07T04:57:42","guid":{"rendered":"http:\/\/zempol.cz\/?page_id=122"},"modified":"2021-09-16T11:13:12","modified_gmt":"2021-09-16T11:13:12","slug":"stredisko-firmy-zempol-ve-starych-oldruvkach","status":"publish","type":"page","link":"https:\/\/zempol.cz\/?page_id=122","title":{"rendered":"St\u0159edisko firmy Zempol ve Star\u00fdch Old\u0159\u016fvk\u00e1ch"},"content":{"rendered":"\n<p><strong>M\u00edsto pro v\u00fddej zv\u011b\u0159iny, drobn\u00fd prodej obil\u00ed a j\u00eddel do nosi\u010d\u016f.<\/strong><\/p>\n\n\n\n<p>V are\u00e1lu se nach\u00e1z\u00ed <strong>krav\u00edn, dr\u016fbe\u017e\u00e1rna a sklady<\/strong>.<\/p>\n\n\n\n<p><strong>Adresa:<\/strong> Star\u00e9 Old\u0159\u016fvky 96<\/p>\n\n\n\n<p>                Telefon: 556 305 114<\/p>\n","protected":false},"excerpt":{"rendered":"<p>M\u00edsto pro v\u00fddej zv\u011b\u0159iny, drobn\u00fd prodej obil\u00ed a j\u00eddel do nosi\u010d\u016f. V are\u00e1lu se nach\u00e1z\u00ed krav\u00edn, dr\u016fbe\u017e\u00e1rna a sklady. Adresa: Star\u00e9 Old\u0159\u016fvky 96 Telefon: 556 305 114<\/p>\n","protected":false},"author":2,"featured_media":0,"parent":0,"menu_order":0,"comment_status":"closed","ping_status":"closed","template":"","meta":[],"_links":{"self":[{"href":"https:\/\/zempol.cz\/index.php?rest_route=\/wp\/v2\/pages\/122"}],"collection":[{"href":"https:\/\/zempol.cz\/index.php?rest_route=\/wp\/v2\/pages"}],"about":[{"href":"https:\/\/zempol.cz\/index.php?rest_route=\/wp\/v2\/types\/page"}],"author":[{"embeddable":true,"href":"https:\/\/zempol.cz\/index.php?rest_route=\/wp\/v2\/users\/2"}],"replies":[{"embeddable":true,"href":"https:\/\/zempol.cz\/index.php?rest_route=%2Fwp%2Fv2%2Fcomments&post=122"}],"version-history":[{"count":3,"href":"https:\/\/zempol.cz\/index.php?rest_route=\/wp\/v2\/pages\/122\/revisions"}],"predecessor-version":[{"id":240,"href":"https:\/\/zempol.cz\/index.php?rest_route=\/wp\/v2\/pages\/122\/revisions\/240"}],"wp:attachment":[{"href":"https:\/\/zempol.cz\/index.php?rest_route=%2Fwp%2Fv2%2Fmedia&parent=122"}],"curies":[{"name":"wp","href":"https:\/\/api.w.org\/{rel}","templated":true}]}}