{"id":117,"date":"2020-08-07T04:51:16","date_gmt":"2020-08-07T04:51:16","guid":{"rendered":"http:\/\/zempol.cz\/?page_id=117"},"modified":"2021-09-16T11:10:27","modified_gmt":"2021-09-16T11:10:27","slug":"areal-firmy-zempol-na-komenskeho-ulici","status":"publish","type":"page","link":"https:\/\/zempol.cz\/?page_id=117","title":{"rendered":"Are\u00e1l firmy Zempol na Komensk\u00e9ho ulici"},"content":{"rendered":"\n<p><strong>M\u00edsto pro prodej obil\u00ed, pelet a chlazen\u00e9 dr\u016fbe\u017ee.<\/strong> V are\u00e1lu se nach\u00e1z\u00ed <strong>z\u00e1vodn\u00ed kuchyn\u011b<\/strong> s j\u00eddelnou, mostn\u00ed v\u00e1ha, su\u0161i\u010dka s \u010disti\u010dkou, dr\u016fbe\u017e\u00ed por\u00e1\u017eka a peletovac\u00ed linka.<\/p>\n\n\n\n<p><strong>Adresa:<\/strong> Komensk\u00e9ho 763, V\u00edtkov<\/p>\n\n\n\n<p>               Telefon: 556 300 600<\/p>\n","protected":false},"excerpt":{"rendered":"<p>M\u00edsto pro prodej obil\u00ed, pelet a chlazen\u00e9 dr\u016fbe\u017ee. V are\u00e1lu se nach\u00e1z\u00ed z\u00e1vodn\u00ed kuchyn\u011b s j\u00eddelnou, mostn\u00ed v\u00e1ha, su\u0161i\u010dka s \u010disti\u010dkou, dr\u016fbe\u017e\u00ed por\u00e1\u017eka a peletovac\u00ed linka. Adresa: Komensk\u00e9ho 763, V\u00edtkov Telefon: 556 300 600<\/p>\n","protected":false},"author":2,"featured_media":0,"parent":0,"menu_order":0,"comment_status":"closed","ping_status":"closed","template":"","meta":[],"_links":{"self":[{"href":"https:\/\/zempol.cz\/index.php?rest_route=\/wp\/v2\/pages\/117"}],"collection":[{"href":"https:\/\/zempol.cz\/index.php?rest_route=\/wp\/v2\/pages"}],"about":[{"href":"https:\/\/zempol.cz\/index.php?rest_route=\/wp\/v2\/types\/page"}],"author":[{"embeddable":true,"href":"https:\/\/zempol.cz\/index.php?rest_route=\/wp\/v2\/users\/2"}],"replies":[{"embeddable":true,"href":"https:\/\/zempol.cz\/index.php?rest_route=%2Fwp%2Fv2%2Fcomments&post=117"}],"version-history":[{"count":2,"href":"https:\/\/zempol.cz\/index.php?rest_route=\/wp\/v2\/pages\/117\/revisions"}],"predecessor-version":[{"id":238,"href":"https:\/\/zempol.cz\/index.php?rest_route=\/wp\/v2\/pages\/117\/revisions\/238"}],"wp:attachment":[{"href":"https:\/\/zempol.cz\/index.php?rest_route=%2Fwp%2Fv2%2Fmedia&parent=117"}],"curies":[{"name":"wp","href":"https:\/\/api.w.org\/{rel}","templated":true}]}}